{"id":15,"date":"2015-11-24T12:08:49","date_gmt":"2015-11-24T12:08:49","guid":{"rendered":"http:\/\/harryboyle.cz\/?page_id=15"},"modified":"2022-11-10T11:53:58","modified_gmt":"2022-11-10T10:53:58","slug":"o-nas","status":"publish","type":"page","link":"https:\/\/harryboyle.cz\/?page_id=15","title":{"rendered":"O n\u00e1s"},"content":{"rendered":"<h3>Kdo jsme<\/h3>\n<p>\u010cty\u0159\u010dlenn\u00e1 ostravsk\u00e1 rockov\u00e1 kapela hraj\u00edc\u00ed vlastn\u00ed tvorbu s prvky mnoha jin\u00fdch \u017e\u00e1nr\u016f. Jsme otev\u0159eni jak\u00e9mukoliv hudebn\u00edmu n\u00e1padu, ale klademe d\u016fraz na pohodovost, melodi\u010dnost a vtip. P\u0159i tvorb\u011b se sna\u017e\u00edme d\u00e1vat prostor ka\u017ed\u00e9mu z n\u00e1s, a tak se v hudb\u011b snoub\u00ed melodick\u00e9 kytary, hutn\u00e1 basa, tvrd\u00e9 bic\u00ed a v neposledn\u00ed \u0159ad\u011b obsa\u017en\u00e9 \u010desk\u00e9 texty.<\/p>\n<h3>Co je to PANDAcore<\/h3>\n<p>P\u016fvodn\u011b jsme cht\u011bli hr\u00e1t jednoduch\u00fd punk, ale zjistili jsme, \u017ee ho neum\u00edme slo\u017eit tak, abychom byli s v\u00fdsledkem spokojeni. (Nejen*) proto jsme si n\u00e1\u0161 styl intern\u011b pojmenovali PANDAcore (Punk AND Alternative) &#8211; dalo by se tedy \u0159\u00edct, \u017ee je to takov\u00fd nepoveden\u00fd punk.<\/p>\n<p>*Taky m\u00e1me r\u00e1di pandy!<\/p>\n<h5>Aktu\u00e1ln\u00ed slo\u017een\u00ed kapely:<\/h5>\n<ul>\n<li><strong>Harry Boyle<\/strong> &#8211; nehraj\u00edc\u00ed frontman, motiv\u00e1tor<\/li>\n<li><strong>Karel &#8222;Hop&#8220; Anto\u0161\u00edk<\/strong> &#8211; kytara, zp\u011bv<\/li>\n<li><strong>Jarom\u00edr &#8222;Jaryn, Ple\u0161ek Semelka&#8220; Van\u011bk<\/strong> &#8211; baskytara, zp\u011bv<\/li>\n<li><strong>Jan &#8222;Michal Pavl\u00ed\u010dek pro chud\u00e9&#8220; Ma\u010fa<\/strong>\u00a0&#8211; kytara, doprovodn\u00fd vok\u00e1l<\/li>\n<li><strong>V\u00edt &#8222;Prokop Buben&#8220; Machara<\/strong> &#8211; bic\u00ed<\/li>\n<\/ul>\n<h3>Ok\u00e9nko do historie<\/h3>\n<p>P\u00ed\u0161e se rok 2014, sed\u00edme s \u010c\u00ed\u010dou v na\u0161em obl\u00edben\u00e9m ml\u00e9\u010dn\u00e9m baru a filosofujeme o \u017eivot\u011b. Po n\u011bkolik\u00e1t\u00e9m ban\u00e1nov\u00e9m koktejlu pod zna\u010dn\u00fdm vlivem lakt\u00f3zy n\u00e1s napadla ona z\u00e1sadn\u00ed my\u0161lenka: &#8222;Mus\u00edme zalo\u017eit kapelu!&#8220;. B\u011bhem toho, kdy jsme si ujasnili p\u00e1r z\u00e1kladn\u00edch v\u011bc\u00ed &#8211; jako t\u0159eba kdy vyprod\u00e1me Wembley nebo kdy odjedeme na\u0161e prvn\u00ed tour po Severn\u00ed Americe &#8211; jsme pojmenovali na\u0161e budouc\u00ed hudebn\u00ed t\u011bleso Harry Boyle. Ten n\u00e1zev n\u00e1s napadl jako blesk z \u010dist\u00e9ho nebe, nemohli jsme jinak a n\u011bkte\u0159\u00ed spolupop\u00edje\u010di ml\u00e9\u010dn\u00fdch koktejl\u016f si jist\u011b pamatuj\u00ed jak tento n\u00e1zev vznikl (ale o tom mo\u017en\u00e1 jindy).<\/p>\n<p style=\"text-align: left;\">Rozd\u011blili jsme si pozice kytar s t\u00edm, \u017ee zat\u00edm budu zp\u00edvat j\u00e1, a tak jsme do na\u0161eho spolku hledali u\u017e jen bas\u00e1ka a buben\u00edka. S basou to \u0161lo rychle, nebo\u0165 se ned\u00e1vno vr\u00e1til z Prahy n\u00e1\u0161 kamar\u00e1d a p\u0159\u00edtel ml\u00e9\u010dn\u00e9ho pot\u011b\u0161en\u00ed Jaryn, kter\u00fd bez v\u00e1h\u00e1n\u00ed souhlasil a vyplnil tak jednu ze dvou d\u011br v rytmick\u00e9 \u010d\u00e1sti kapely. Po\u010d\u00ednaje t\u00edmto okam\u017eikem m\u016f\u017eeme nazvat n\u00e1sleduj\u00edc\u00ed etapu obdob\u00edm &#8222;ob\u00fdv\u00e1kov\u00e9ho punku&#8220;, kdy jsme se za\u010dali ka\u017edou st\u0159edu sch\u00e1zet u Jaryna v ob\u00fdv\u00e1ku a d\u011blali krav\u00e1l. Ob\u010das se z t\u00e9to sm\u011bsice hluk\u016f, sk\u0159ek\u016f a v\u0161elijak\u00fdch pazvuk\u016f vyklubal zaj\u00edmav\u00fd n\u00e1pad, kter\u00fd jsme n\u00e1sledn\u011b rozpracovali a vznikly tak prvn\u00ed z\u00e1klady na\u0161ich song\u016f, jako t\u0159eba Harry, Somnium nebo ji\u017e dnes historick\u00e1 Sisi.<\/p>\n<p>Po n\u011bjak\u00e9 dob\u011b n\u00e1m za\u010dal b\u00fdt Jaryn\u016fv ob\u00fdv\u00e1k mal\u00fd, tak jsme tedy hledali zku\u0161ebnu, kde bychom ten r\u00e1mus mohli d\u011blat je\u0161t\u011b usilovn\u011bji a hlasit\u011bji a snad u\u017e i za podpory bu\u0161en\u00ed a kop\u00e1n\u00ed do \u0161kopk\u016f. Proces hled\u00e1n\u00ed buben\u00edka byl slo\u017eit\u011bj\u0161\u00ed ne\u017e jsme tu\u0161ili, pon\u011bvad\u017e jsme zjistili, \u017ee &#8222;buben\u00edk obecn\u00fd&#8220; je v dne\u0161n\u00ed dob\u011b ji\u017e ohro\u017een\u00fd druh. U\u017e ani nev\u00edme jak dlouho jsme obepisovali buben\u00edky a oni psali n\u00e1m, aby z toho nakonec nic nebylo. Jednoho dne jsme v\u0161ak oslovili buben\u00edka, kter\u00fd tehdy hr\u00e1l u\u017e s jinou kapelou ve stejn\u00e9 zku\u0161ebn\u011b, jestli by necht\u011bl p\u0159ij\u00edt zahr\u00e1t si s n\u00e1mi. P\u0159i\u0161el. A neode\u0161el. V\u00ed\u0165a doplnil chyb\u011bj\u00edc\u00ed \u010dl\u00e1nek v \u0159et\u011bzci na\u0161eho systematick\u00e9ho hluku a od t\u00e9 doby je na\u0161e uskupen\u00ed kompletn\u00ed. Prvn\u00ed koncert se uskute\u010dnil na m\u00edst\u011b, kde vznikla ona my\u0161lenka\u00a0&#8222;Mus\u00edme zalo\u017eit kapelu!&#8220; a to 4.3.2017.<\/p>\n<p style=\"text-align: right;\"><em>Hop<\/em><\/p>\n","protected":false},"excerpt":{"rendered":"<p>Kdo jsme \u010cty\u0159\u010dlenn\u00e1 ostravsk\u00e1 rockov\u00e1 kapela hraj\u00edc\u00ed vlastn\u00ed tvorbu s prvky mnoha jin\u00fdch \u017e\u00e1nr\u016f. Jsme otev\u0159eni jak\u00e9mukoliv hudebn\u00edmu n\u00e1padu, ale klademe d\u016fraz na pohodovost, melodi\u010dnost a vtip. P\u0159i tvorb\u011b se<a href=\"https:\/\/harryboyle.cz\/?page_id=15\" class=\"more-link\"><span class=\"readmore\">Continue reading<span class=\"screen-reader-text\">O n\u00e1s<\/span><\/span><\/a><\/p>\n","protected":false},"author":1,"featured_media":0,"parent":0,"menu_order":0,"comment_status":"closed","ping_status":"closed","template":"","meta":{"footnotes":""},"class_list":["post-15","page","type-page","status-publish","hentry"],"_links":{"self":[{"href":"https:\/\/harryboyle.cz\/index.php?rest_route=\/wp\/v2\/pages\/15","targetHints":{"allow":["GET"]}}],"collection":[{"href":"https:\/\/harryboyle.cz\/index.php?rest_route=\/wp\/v2\/pages"}],"about":[{"href":"https:\/\/harryboyle.cz\/index.php?rest_route=\/wp\/v2\/types\/page"}],"author":[{"embeddable":true,"href":"https:\/\/harryboyle.cz\/index.php?rest_route=\/wp\/v2\/users\/1"}],"replies":[{"embeddable":true,"href":"https:\/\/harryboyle.cz\/index.php?rest_route=%2Fwp%2Fv2%2Fcomments&post=15"}],"version-history":[{"count":23,"href":"https:\/\/harryboyle.cz\/index.php?rest_route=\/wp\/v2\/pages\/15\/revisions"}],"predecessor-version":[{"id":491,"href":"https:\/\/harryboyle.cz\/index.php?rest_route=\/wp\/v2\/pages\/15\/revisions\/491"}],"wp:attachment":[{"href":"https:\/\/harryboyle.cz\/index.php?rest_route=%2Fwp%2Fv2%2Fmedia&parent=15"}],"curies":[{"name":"wp","href":"https:\/\/api.w.org\/{rel}","templated":true}]}}